51
List the prime factors of 14935940.
2, 5, 746797
What are the prime factors of 17364517?
23, 754979
What are the prime factors of 3560151?
3, 7, 169531
What are the prime factors of 16255572?
2, 3, 23, 58897
What are the prime factors of 123502?
2, 61751
List the prime factors of 486835.
5, 97367
What are the prime factors of 17684?
2, 4421
What are the prime factors of 291712?
2, 43, 53
What are the prime factors of 32890540?
2, 5, 367, 4481
What are the prime factors of 467589?
3, 155863
List the prime factors of 417362.
2, 11, 61, 311
What are the prime factors of 114187?
89, 1283
List the prime factors of 75121.
43, 1747
List the prime factors of 8311078.
2, 4155539
What are the prime factors of 34085672?
2, 29, 146921
What are the prime factors of 136457?
61, 2237
List the prime factors of 14537154.
2, 3, 61, 39719
What are the prime factors of 26106622?
2, 13053311
List the prime factors of 654851.
47, 13933
What are the prime factors of 1200323?
1200323
What are the prime factors of 469557?
3, 11, 17, 31
List the prime factors of 298359.
3, 33151
List the prime factors of 754258.
2, 377129
List the prime factors of 196733.
113, 1741
List the prime factors of 2974790.
2, 5, 7, 13, 467
What are the prime factors of 19471109?
7, 1439, 1933
What are the prime factors of 560494?
2, 11, 73, 349
What are the prime factors of 6011913?
3, 2003971
List the prime factors of 1423678.
2, 711839
What are the prime factors of 564270?
2, 3, 5, 7, 2687
List the prime factors of 83063.
83063
What are the prime factors of 830652?
2, 3, 69221
What are the prime factors of 378604?
2, 94651
What are the prime factors of 160781?
160781
List the prime factors of 624106.
2, 7, 44579
List the prime factors of 8182064.
2, 11, 46489
List the prime factors of 1094973.
3, 11, 33181
What are the prime factors of 20682354?
2, 3, 7, 11, 89, 503
List the prime factors of 8895311.
8895311
List the prime factors of 16804384.
2, 525137
What are the prime factors of 1090860?
2, 3, 5, 18181
List the prime factors of 8842292.
2, 2210573
What are the prime factors of 75696?
2, 3, 19, 83
What are the prime factors of 1713082?
2, 7, 122363
List the prime factors of 2042099.
157, 13007
What are the prime factors of 23581184?
2, 11, 53, 79
List the prime factors of 225173.
13, 17321
List the prime factors of 14490351.
3, 109, 14771
List the prime factors of 2836050.
2, 3, 5, 7, 37, 73
List the prime factors of 512465.
5, 17, 6029
List the prime factors of 1235359.
149, 8291
What are the prime factors of 346276?
2, 7, 83, 149
List the prime factors of 7320496.
2, 449, 1019
What are the prime factors of 358485?
3, 5, 23899
What are the prime factors of 3276497?
7, 468071
What are the prime factors of 5849059?
5849059
List the prime factors of 206600.
2, 5, 1033
What are the prime factors of 1167367?
31, 37657
What are the prime factors of 1744871?
1744871
List the prime factors of 10894987.
10894987
List the prime factors of 295053.
3, 11, 8941
What are the prime factors of 2341054?
2, 29, 181, 223
What are the prime factors of 1785609?
3, 7, 4049
What are the prime factors of 24035335?
5, 281, 17107
List the prime factors of 11689422.
2, 3, 1948237
What are the prime factors of 3244937?
37, 87701
List the prime factors of 760671.
3, 9391
What are the prime factors of 8871625?
5, 7, 10139
What are the prime factors of 11699736?
2, 3, 487489
What are the prime factors of 379233?
3, 29, 1453
What are the prime factors of 1557701?
359, 4339
List the prime factors of 97953.
3, 103, 317
List the prime factors of 114628.
2, 28657
What are the prime factors of 2325631?
7, 11, 30203
List the prime factors of 1001473.
11, 181, 503
List the prime factors of 5403297.
3, 17, 53, 1999
What are the prime factors of 255302?
2, 107, 1193
What are the prime factors of 120394?
2, 17, 3541
List the prime factors of 9059257.
19, 476803
List the prime factors of 2986259.
2986259
What are the prime factors of 485890?
2, 5, 48589
List the prime factors of 1927838.
2, 11, 87629
List the prime factors of 22156701.
3, 7, 113, 9337
List the prime factors of 421107.
3, 17, 23, 359
What are the prime factors of 264818?
2, 132409
What are the prime factors of 2148528?
2, 3, 17, 2633
List the prime factors of 943936.
2, 7, 43
List the prime factors of 113028.
2, 3, 9419
List the prime factors of 642948.
2, 3, 131, 409
What are the prime factors of 301436?
2, 179, 421
List the prime factors of 24540.
2, 3, 5, 409
What are the prime factors of 3847014?
2, 3, 23747
List the prime factors of 168657.
3, 17, 3307
What are the prime factors of 37313?
37313
List the prime factors of 77918.
2, 38959
List the prime factors of 186028.
2, 46507
What are the prime factors of 21158603?
29, 729607
List the prime factors of 3818015.
5, 409, 1867
What are the prime factors of 24609457?
179, 137483
What are the prime factors of 1559161?
1559161
List the prime factors of 446961.
3, 383, 389
What are the prime factors of 393239?
7, 11, 5107
What are the prime factors of 337869?
3, 7, 31, 173
List the prime factors of 1938377.
7, 67, 4133
What are the prime factors of 42388?
2, 10597
What are the prime factors of 27140415?
3, 5, 17, 106433
List the prime factors of 12758284.
2, 7, 11, 23, 1801
What are the prime factors of 941356?
2, 13, 43, 421
What are the prime factors of 7704735?
3, 5, 513649
What are the prime factors of 3318599?
3318599
What are the prime factors of 7719072?
2, 3, 80407
List the prime factors of 12183009.
3, 19, 213737
List the prime factors of 444308.
2, 277, 401
What are the prime factors of 9463928?
2, 31, 1231
What are the prime factors of 10691671?
233, 45887
List the prime factors of 3259240.
2, 5, 17, 4793
List the prime factors of 561690.
2, 3, 5, 79
What are the prime factors of 850617?
3, 94513
List the prime factors of 42277.
67, 631
List the prime factors of 1788155.
5, 43, 8317
List the prime factors of 25883978.
2, 12941989
List the prime factors of 951642.
2, 3, 17623
What are the prime factors of 10123829?
37, 273617
What are the prime factors of 219416?
2, 27427
What are the prime factors of 827765?
5, 165553
List the prime factors of 16250742.
2, 3, 17, 23, 2309
What are the prime factors of 6714847?
17, 19, 20789
List the prime factors of 18488487.
3, 6162829
What are the prime factors of 941631?
3, 281, 1117
What are the prime factors of 5690863?
71, 80153
List the prime factors of 220689.
3, 7, 31, 113
What are the prime factors of 18378574?
2, 233, 39439
List the prime factors of 429389.
429389
List the prime factors of 4175825.
5, 167033
List the prime factors of 874278.
2, 3, 48571
List the prime factors of 156489.
3, 52163
List the prime factors of 31372091.
83, 547, 691
List the prime factors of 504705.
3, 5, 33647
List the prime factors of 690233.
690233
List the prime factors of 471987.
3, 5827
What are the prime factors of 120455?
5, 24091
List the prime factors of 981255.
3, 5, 11, 19, 313
List the prime factors of 169799.
7, 127, 191
What are the prime factors of 886735?
5, 177347
List the prime factors of 134206.
2, 67103
List the prime factors of 1099257.
3, 366419
What are the prime factors of 436195?
5, 23, 3793
List the prime factors of 11812717.
7, 1687531
What are the prime factors of 29116?
2, 29, 251
List the prime factors of 192392.
2, 24049
List the prime factors of 200222.
2, 11, 19, 479
List the prime factors of 490485.
3, 5, 19, 1721
List the prime factors of 1773795.
3, 5, 118253
What are the prime factors of 1663287?
3, 61, 149
List the prime factors of 112746.
2, 3, 19, 23, 43
What are the prime factors of 26298841?
26298841
What are the prime factors of 1452223?
1452223
List the prime factors of 18760634.
2, 2687, 3491
List the prime factors of 96518.
2, 48259
What are the prime factors of 1008664?
2, 59, 2137
What are the prime factors of 12606833?
337, 37409
List the prime factors of 650280.
2, 3, 5, 5419
List the prime factors of 30501.
3, 3389
What are the prime factors of 46012?
2, 11503
What are the prime factors of 10519617?
3, 17, 313, 659
What are the prime factors of 82676?
2, 11, 1879
What are the prime factors of 217803?
3, 79, 919
What are the prime factors of 2452480?
2, 5, 479
What are the prime factors of 6096208?
2, 41, 9293
List the prim